{"id":18,"date":"2022-11-17T10:48:44","date_gmt":"2022-11-17T09:48:44","guid":{"rendered":"https:\/\/moncvgauquelinmathieu.wordpress.com\/?page_id=18"},"modified":"2023-07-31T15:47:18","modified_gmt":"2023-07-31T13:47:18","slug":"a-mon-sujet","status":"publish","type":"page","link":"https:\/\/mon-cv-gauquelin-mathieu.fr\/","title":{"rendered":"Accueil"},"content":{"rendered":"\n<div class=\"wp-block-columns is-layout-flex wp-container-core-columns-is-layout-28f84493 wp-block-columns-is-layout-flex\">\n<div class=\"wp-block-column is-layout-flow wp-block-column-is-layout-flow\">\n<figure class=\"wp-block-image size-large is-style-default\"><img loading=\"lazy\" decoding=\"async\" width=\"1669\" height=\"2209\" src=\"http:\/\/mon-cv-gauquelin-mathieu.fr\/wp-content\/uploads\/2022\/11\/mathieu2_portrait.png?w=774\" alt=\"\" class=\"wp-image-16\" srcset=\"https:\/\/mon-cv-gauquelin-mathieu.fr\/wp-content\/uploads\/2022\/11\/mathieu2_portrait.png 1669w, https:\/\/mon-cv-gauquelin-mathieu.fr\/wp-content\/uploads\/2022\/11\/mathieu2_portrait-227x300.png 227w, https:\/\/mon-cv-gauquelin-mathieu.fr\/wp-content\/uploads\/2022\/11\/mathieu2_portrait-774x1024.png 774w, https:\/\/mon-cv-gauquelin-mathieu.fr\/wp-content\/uploads\/2022\/11\/mathieu2_portrait-768x1016.png 768w, https:\/\/mon-cv-gauquelin-mathieu.fr\/wp-content\/uploads\/2022\/11\/mathieu2_portrait-1161x1536.png 1161w, https:\/\/mon-cv-gauquelin-mathieu.fr\/wp-content\/uploads\/2022\/11\/mathieu2_portrait-1547x2048.png 1547w\" sizes=\"auto, (max-width: 1669px) 100vw, 1669px\" \/><\/figure>\n<\/div>\n\n\n\n<div class=\"wp-block-column is-vertically-aligned-center is-layout-flow wp-block-column-is-layout-flow\">\n<p class=\"has-text-align-center\">Bienvenue sur mon site.<\/p>\n\n\n\n<p class=\"has-text-align-center\" style=\"margin-top:var(--wp--preset--spacing--30);margin-right:var(--wp--preset--spacing--30);margin-bottom:var(--wp--preset--spacing--30);margin-left:var(--wp--preset--spacing--30)\">Vous y trouverez toutes les informations professionnelles me concernant.<\/p>\n<\/div>\n<\/div>\n\n\n\n<p class=\"has-text-align-center\">&#8212; Pr\u00e9sentation rapide &#8212;<\/p>\n\n\n\n<p class=\"has-text-align-center\">En <strong>presque 10 ans d&#8217;exp\u00e9riences professionnels<\/strong>, j&#8217;ai eu l&#8217;opportunit\u00e9 de parfaire mes comp\u00e9tences en<strong> informatique scientifique<\/strong> et en conception d&#8217;<strong>Interfaces Homme Machine (IHM)<\/strong> \u00e0 travers de nombreux projets tr\u00e8s int\u00e9ressants. Ces projets m&#8217;ont permis de collaborer avec une <strong>client\u00e8le diversifi\u00e9e<\/strong>, provenant par exemple du secteur a\u00e9ronautique, de l&#8217;automobile, du m\u00e9dical, et bien d&#8217;autres. Ces clients proviennent aussi bien de PME que de GE.<\/p>\n\n\n\n<p class=\"has-text-align-center\">Dipl\u00f4m\u00e9 de la fili\u00e8re \u00e9lectronique de l&#8217;<strong>ENSEIRB-MATMECA de Bordeaux en 2014<\/strong>, j&#8217;ai acquis la sp\u00e9cialisation du <strong>traitement du signal et de l&#8217;image<\/strong> qui a \u00e9veill\u00e9 en moi cet int\u00e9r\u00eat grandissant aussi bien pour la partie algorithmique (calcul) que la partie graphique (IHM). Je me suis donc \u00e9cart\u00e9 de la partie \u00e9lectronique mais cette culture compl\u00e9mentaire se r\u00e9v\u00e8le pr\u00e9cieuse pour mieux appr\u00e9hender l&#8217;ensemble des projets sur lesquels je travaille et surmonter les diff\u00e9rents d\u00e9fis auxquels je suis confront\u00e9 au quotidien.<\/p>\n\n\n\n<p class=\"has-text-align-center\">Au fil de ces ann\u00e9es tr\u00e8s enrichissantes, j&#8217;ai pu consolider mes comp\u00e9tences principalement en <strong>C++<\/strong>, tout en \u00e9largissant mon champ d&#8217;expertise vers d&#8217;autres languages tels que <strong>LabVIEW, C#, Python<\/strong>, et bien d&#8217;autres encore. Concernant la partie graphique, c&#8217;est principalement avec le <strong>framework Q<\/strong>t que j&#8217;ai d\u00e9velopp\u00e9 la plupart de mes interfaces, utilisant aussi bien le <strong>module QWidget<\/strong> que le <strong>module QML<\/strong> (versions C++ et Python). J&#8217;ai pu \u00e9galement monter en comp\u00e9tences pour le d\u00e9veloppement d&#8217;IHM avec d&#8217;autres langages comme le C# (via le framework .NET), <strong>Matlab <\/strong>et LabVIEW.<\/p>\n\n\n\n<p class=\"has-text-align-center\">Lors de mon s\u00e9jour dans l&#8217;une des entreprises dans laquelle j&#8217;ai pu apporter ma contribution, j&#8217;ai \u00e9galement eu l&#8217;opportunit\u00e9 de m&#8217;initier au r\u00f4le captivant de <strong>chef de projet Junior<\/strong>. Cette immersion dans le domaine du management a constitu\u00e9 une \u00e9tape importante dans mon parcours car cela me permet d&#8217;<strong>avoir une vision plus globale des projets<\/strong> sur lesquels je travaille et avoir une compr\u00e9hension plus \u00e9clair\u00e9e des enjeux organisationnels et strat\u00e9giques d&#8217;un projet, au del\u00e0 de leur aspect technique.<\/p>\n\n\n\n<p class=\"has-text-align-center\">Ainsi, je suis d\u00e9sormais dot\u00e9 d&#8217;une vision plut\u00f4t globale de ce qu&#8217;il se passe sur un projet, et d&#8217;une <strong>polyvalence pr\u00e9cieuse<\/strong> de nos jours, nourrissant mon d\u00e9sir constant d&#8217;<strong>apporter des solutions novatrices et harmonieuses<\/strong> \u00e0 toute entreprise qui me confiera l&#8217;opportunit\u00e9 de m&#8217;\u00e9panouir professionnellement.<\/p>\n","protected":false},"excerpt":{"rendered":"<p>Bienvenue sur mon site. Vous y trouverez toutes les informations professionnelles me concernant. &#8212; Pr\u00e9sentation rapide &#8212; En presque 10 ans d&#8217;exp\u00e9riences professionnels, j&#8217;ai eu l&#8217;opportunit\u00e9 de parfaire mes comp\u00e9tences en informatique scientifique et en conception d&#8217;Interfaces Homme Machine (IHM) \u00e0 travers de nombreux projets tr\u00e8s int\u00e9ressants. Ces projets m&#8217;ont permis de collaborer avec une &hellip;<\/p>\n<p class=\"read-more\"> <a class=\"\" href=\"https:\/\/mon-cv-gauquelin-mathieu.fr\/\"> <span class=\"screen-reader-text\">Accueil<\/span> Read More &raquo;<\/a><\/p>\n","protected":false},"author":1,"featured_media":0,"parent":0,"menu_order":0,"comment_status":"closed","ping_status":"closed","template":"","meta":{"site-sidebar-layout":"default","site-content-layout":"default","ast-global-header-display":"","ast-banner-title-visibility":"","ast-main-header-display":"","ast-hfb-above-header-display":"","ast-hfb-below-header-display":"","ast-hfb-mobile-header-display":"","site-post-title":"","ast-breadcrumbs-content":"","ast-featured-img":"","footer-sml-layout":"","theme-transparent-header-meta":"","adv-header-id-meta":"","stick-header-meta":"","header-above-stick-meta":"","header-main-stick-meta":"","header-below-stick-meta":"","footnotes":""},"class_list":["post-18","page","type-page","status-publish","hentry"],"_links":{"self":[{"href":"https:\/\/mon-cv-gauquelin-mathieu.fr\/index.php\/wp-json\/wp\/v2\/pages\/18","targetHints":{"allow":["GET"]}}],"collection":[{"href":"https:\/\/mon-cv-gauquelin-mathieu.fr\/index.php\/wp-json\/wp\/v2\/pages"}],"about":[{"href":"https:\/\/mon-cv-gauquelin-mathieu.fr\/index.php\/wp-json\/wp\/v2\/types\/page"}],"author":[{"embeddable":true,"href":"https:\/\/mon-cv-gauquelin-mathieu.fr\/index.php\/wp-json\/wp\/v2\/users\/1"}],"replies":[{"embeddable":true,"href":"https:\/\/mon-cv-gauquelin-mathieu.fr\/index.php\/wp-json\/wp\/v2\/comments?post=18"}],"version-history":[{"count":4,"href":"https:\/\/mon-cv-gauquelin-mathieu.fr\/index.php\/wp-json\/wp\/v2\/pages\/18\/revisions"}],"predecessor-version":[{"id":524,"href":"https:\/\/mon-cv-gauquelin-mathieu.fr\/index.php\/wp-json\/wp\/v2\/pages\/18\/revisions\/524"}],"wp:attachment":[{"href":"https:\/\/mon-cv-gauquelin-mathieu.fr\/index.php\/wp-json\/wp\/v2\/media?parent=18"}],"curies":[{"name":"wp","href":"https:\/\/api.w.org\/{rel}","templated":true}]}}